 -3 + 9. Suppose x*j + 17 = 5. Let i = 1 + j. Determine m(i).
-7
Let m be (-4 - (-2 - 0))/1. Let k(p) be the third derivative of 1/6*p**3 + 1/60*p**5 + 0 + 0*p + 5/24*p**4 - p**2. Determine k(m).
-5
Suppose 0 = -n + 2*c, -5*c + 7 + 0 = n. Let u(k) = -k**2 + 2*k. Determine u(n).
0
Suppose -d - d + 1 = x, 0 = -4*d - 4. Suppose x*s + 0 = 6. Let z(v) = -v**2 + 2*v. Give z(s).
0
Let w be (-6)/(-6) + (-6 - -3). Let v(f) = -4*f - 3. What is v(w)?
5
Let b(n) = -n**2 + n + 3. Suppose -5*z + 4 = -0*p + 3*p, -5*z = 5*p. Let q = 5 - z. Give b(q).
-3
Let j(l) = 28 - 14 - 4*l - 11. Determine j(3).
-9
Let i(y) = 4*y - 16. Let u be i(4). Let n(f) = f - 6. Let l(v) = -1 + 7 - 1 - v. Let j(r) = 6*l(r) + 5*n(r). Calculate j(u).
0
Let x(q) = -46 + 46 - 16*q**2 + q**3 + q. Let a(n) = -5*n**2. Let k(t) = 7*a(t) - 2*x(t). Give k(-2).
8
Let c(m) = -3*m**2 - 14*m - 11. Let s(b) = -b**2 - b - 1. Let k(x) = c(x) - 4*s(x). Determine k(10).
-7
Let l(p) = -2*p**3 + 6*p**2 - 7*p - 10. Let w(a) = 5*a**3 - 12*a**2 + 14*a + 20. Let r(t) = 7*l(t) + 3*w(t). Determine r(-7).
-10
Let k(l) be the first derivative of -9 - 7/2*l**2 + 2*l - 1/3*l**3. What is k(-6)?
8
Let g(x) be the third derivative of -x**6/24 + x**4/24 - x**3/6 - 37*x**2. Suppose -7*n = -2*n - 5. Calculate g(n).
-5
Let z = 32 - 30. Suppose 5*y - 2*t = 3*t + 10, 2*y - t = 4. Let x(g) = -g**y - 2 + 2*g**z - 3. What is x(0)?
-5
Suppose 4*t = 8*t - 64. Let n = t + -14. Let i(k) = -k**2 + 3*k - 3. Calculate i(n).
-1
Let b(h) = -1. Let o(f) = 2*f + 10. Suppose -t = 2*t - 3. Let n(u) = t*o(u) + 3*b(u). Give n(-6).
-5
Let c(u) = -36*u + 9. Let m(x) = 9*x - 2. Let a(l) = -2*c(l) - 9*m(l). Give a(1).
-9
Let t(n) = n**2 + n - 2. Let h(u) be the second derivative of u**5/20 + 2*u**4/3 - u**3/6 - 5*u**2 - 5*u. Let p be h(-8). Calculate t(p).
0
Let p be 0/(-2 - 3*-2). Let d(k) be the first derivative of k**2/2 - 3*k + 1. Give d(p).
-3
Suppose -4*y = 5*p + 11, 0*y + p = -3*y. Suppose 3*o + 10 - y = 0. Let w(h) = -h**3 - 3*h**2 + 4. Determine w(o).
4
Suppose -2*q + 3*l = -3, -3 = -3*q + l + 3*l. Let g(y) = 2*y + 5. Let b(i) = 5*i + 16. Let s(a) = q*b(a) + 8*g(a). Calculate s(6).
-2
Let w(u) = -5*u**3 - 2*u**2 - 1. Let k(m) = -19*m**3 - 9*m**2 - m - 5. Let j(v) = 2*k(v) - 9*w(v). Give j(-1).
-6
Let s(f) be the third derivative of f**6/60 + f**4/12 + f**3/6 - 5*f**2. What is s(-1)?
-3
Let i(b) = 3*b**3 + 2*b**2 + 17*b - 8. Let f(z) = -6*z**3 + 5*z**3 + 2*z**3 - 3 - 2*z**2 + 3*z**2 + 6*z. Let x(a) = 17*f(a) - 6*i(a). What is x(5)?
-3
Let w(u) = u**2 + 5*u - 1. Let z be w(-5). Let c(t) = -2*t**2 - 1. Let k(n) = n. Let f(v) = z*c(v) - k(v). Calculate f(2).
7
Let d(c) = -c**2 - 13*c - 15. Let n be d(-11). Let b(y) = y**3 - 6*y**2 - 5*y - 10. What is b(n)?
4
Suppose 0 + 2 = -p. Let h(a) be the first derivative of -a**2/2 - 1. What is h(p)?
2
Let f(x) = -8*x**3 - 2*x**2 + x. Suppose 2*g - 3 = 1. Suppose 0 = u + u - g. Calculate f(u).
-9
Let x(u) = -u**2 + 3*u + 2. Suppose 4*d - 2*d - 13 = -3*h, 5*h + d - 24 = 0. Calculate x(h).
-8
Let i be (-2 + 1)*(-1 - -2). Let s(h) = -h + 1. Suppose -15 = 6*c - 3*c. Let v(u) = -3*u**2 - 6*u + 4. Let f(a) = c*s(a) + v(a). Give f(i).
-3
Let i(p) be the first derivative of 11*p**2/2 - p - 21. Give i(-1).
-12
Let i(k) = k**3. Suppose -5 = -2*b + 3. Suppose -4*c - b*j + 2 = -c, -4*c = -4*j + 16. Let s be (0 - 1 - -3)/c. Determine i(s).
-1
Let a(n) = n**2 - 4*n + 4. Suppose -5*j = -d + 29, -2*d = -7*d - 4*j. Determine a(d).
4
Let q(v) be the second derivative of 0 + 1/3*v**3 + 6*v - v**2. What is q(-3)?
-8
Let a(b) be the third derivative of -b**6/120 + b**5/30 - b**4/24 + b**3/3 + 11*b**2. What is a(2)?
0
Let f(x) = x - 4. Let l(o) = -o + 5. Let g(b) = -3*f(b) - 2*l(b). Let d be g(-3). Let z(m) = -m - 2. Give z(d).
-7
Let p(n) = n. Let m(r) = -6*r + 1. Let y(z) = m(z) - 6*p(z). Determine y(-1).
13
Let u(o) = -2*o + 3. Suppose v = 4*f + 5, -3*f = 3*v - 13 - 2. Suppose -3*d + 33 = -f*d. Suppose 3*x = -2 + d. Calculate u(x).
-3
Let k be -1 + (-3)/(-12)*4. Let a(c) = c**3 - c**2 + c - 3. Calculate a(k).
-3
Let y(b) be the second derivative of b**4/12 - 13*b**3/6 + 15*b**2/2 - 2*b. Let k be y(12). Let t(i) = -i**2 + 2*i - 1. Give t(k).
-4
Suppose 0 = 2*n + 10, z - n + 0*n = 9. Let u be ((-3)/(-2))/((-3)/z). Let q be u/5 + 51/15. Let a(j) = j**2 - 4*j + 2. What is a(q)?
-1
Let o(m) = -1 - 4 - 2*m + 3 + 3*m. Give o(5).
3
Let c(d) = -3*d + 4. Let k = 17 - 14. Calculate c(k).
-5
Let i(x) = x**3 - 3*x - 4. Let l be i(3). Suppose -l = 5*a + 2*n - 40, -5*n = -3*a + 28. Let j(m) = -m**2 + 7*m - 6. What is j(a)?
0
Let u = 44 - 25. Suppose -u - 9 = -4*m. Let p(g) = 0*g**2 + 0*g**2 + 2 + m*g**2 - 2*g - 1. Determine p(1).
6
Let h(y) = -2*y - 1. Let f be (-644)/(-35) - (-2)/(-5). Let s be ((-8)/24)/((-2)/f). Calculate h(s).
-7
Let s(z) = -z**3 + 7*z**2 + z - 7. Let r = 15 + -8. What is s(r)?
0
Let u be (-1)/(-4) + 1/(-4). Suppose -3*j + u*j = 0. Let p(d) = -d**2 - 3. Determine p(j).
-3
Suppose 5*o + 29 = -21. Let y(h) = -h - 18. Let n be y(o). Let u(f) = 4*f + 3. Let i(z) = 11*z + 9. Let q(g) = n*u(g) + 3*i(g). What is q(3)?
6
Let c(s) = -s**2 - s + 7. Let d be c(-4). Let o(y) = -4*y + 4. Determine o(d).
24
Let b(o) = -5*o**2 - 4*o - 1. Let g(w) = 4*w**2 + 3*w. Let n(t) = 3*b(t) + 4*g(t). Let l = 19 - 16. Determine n(l).
6
Suppose 5*w - w = 0. Suppose w = -5*n - 20, 0*n = -3*g + 4*n + 13. Let c(s) = 2*s**2 - 5*s + 1. Let j(h) = h. Let d(b) = -c(b) - 6*j(b). Determine d(g).
-2
Let x(r) = 9 + 2*r - 1 + 3*r. Let a(g) = 14*g + 23. Let p(f) = -2*f**2 - 25*f + 5. Let d be p(-12). Let m(s) = d*x(s) - 6*a(s). What is m(-3)?
-5
Suppose 3*g + 4*q + 7 = -9, 5*g + q = -21. Let t = 0 - g. Let b(u) = -u**3 + 5*u**2 - u - 5. Calculate b(t).
7
Let d(g) = g + 5. Suppose 2*o = -0*o + 8. Calculate d(o).
9
Let d(k) = k**2 - 28 - 21 + 3*k + 72 - 17. Let h = -4 - 0. Give d(h).
10
Suppose 2*f - 7 = -3*o + 6, 2*o - f - 4 = 0. Suppose -o*v = -v - 10. Let b(d) = -d**3 + 5*d**2 - 2*d + 2. Determine b(v).
-8
Let i(w) = -w**3 - 2*w**2 + 4*w - 4. Suppose -r + 3 - 7 = 0. Determine i(r).
12
Let j(y) = 15*y**2 + 7*y + 11. Let c(d) = 8*d**2 + 4*d + 6. Let k(b) = 11*c(b) - 6*j(b). Suppose 3*p + 5*q + 21 = 0, 16 = -2*p + 4*q - 8*q. Give k(p).
-12
Let c(h) = 2*h + 4. Let n(a) = -a - 3. Let m(y) = 4*c(y) + 5*n(y). Suppose 7 = 3*j - 8*j - 4*i, -i = -2*j + 5. What is m(j)?
4
Let b(k) = k**3 - 3*k**2 - 4*k + 4. Suppose 6*g = 7*g - 4. Let t = 0 + g. Give b(t).
4
Let u(b) be the first derivative of -b**3/3 + 7*b**2/2 - 6*b - 3. Suppose -6*n = -5*n - 4. Determine u(n).
6
Let a(o) = -5*o**3. Let u(q) = q**3 - 3*q**2 - q + 1. Let h be u(4). Suppose -z + 0*m - 9 = 3*m, 2*m + h = -3*z. Let k = -2 - z. Determine a(k).
-5
Let m(i) = -i**2 - 5*i - 1. Let r(t) = t**2 - 7*t. Let b be r(6). Give m(b).
-7
Let f be (-36)/(-3)*2/6. Let r(o) = 0*o - o + 6 - f + 2*o. What is r(6)?
8
Let k = -5 - -5. Let u(v) = 6 - v + 6*v**2 - 2*v**3 + k*v + v**3 - 3. Calculate u(6).
-3
Let s be (-2*1)/(0 - 1). Let y(m) be the first derivative of -1/3*m**3 + m**2 + m + 2 - 1/4*m**4. Give y(s).
-7
Let o be (-2 - -3)*-1 - -2. Let l(i) = i**2 - i - 1. Let b(n) = -4*n**2 + 17*n - 3 + 10 - 7*n - 8*n. Let p(g) = o*b(g) + 5*l(g). Determine p(3).
2
Let n = 6 - 2. Let l(d) = -d**2 - 9*d - 4. Let x be l(-8). Let g(o) = -x - o + n. What is g(0)?
0
Let y(k) = 0*k**2 + 9*k**3 - 8*k**3 - k**2. Calculate y(2).
4
Let k(n) be the second derivative of -n**7/210 - n**6/180 + n**4/24 + n**3/6 - n. Let h(r) be the second derivative of k(r). Determine h(1).
-5
Suppose -2*u - 2*u - 19 = -3*r, 18 = -2*r - 5*u. Let f(w) = -5*w + 0 + 3*w - r - 2. Calculate f(-4).
5
Suppose m - 16 = -5*o - 0*o, -4*o + 14 = 2*m. Let n(b) = -b**2 + 2*b - b**o + 2 + 4*b**3 - 3. Let c(i) = -i**3 - 5*i**2 - 3*i + 5. Let h be c(-4). What is n(h)?
3
Suppose -4*m - 6*j = -2*j, m - 5*j - 12 = 0. Suppose 0 = 7*z - m*z - 15. Let y(s) = s**2 - 4*s + 2. Calculate y(z).
-1
Let d = 1 - 3. Let u(f) be the second derivative of f**4/12 + f**3/3 + 6*f. What is u(d)?
0
Let r = -3 + 0. Let z(b) be the first derivative of b**4/4 + b**3 - 3*b**2/2 - 3*b - 1. Determine z(r).
6
Let y(j) = -3*j - 2. Let r(l) = l. Let u(v) = 2*r(v) + y(v). Determine u(6).
-8
Let l(y) be the first derivative of y**3 - 4 + 0*y**4 + 0*y**2 + 1/120*y**5 + 0*y. Let s(u) be the third der